e s(5). Suppose y - 13 = p. Calculate the remainder when 72 is divided by y.
22
Let i(l) = -2*l + 19. Let w be i(6). Let g = 3 + 0. Suppose h = g + w. Calculate the remainder when 19 is divided by h.
9
Calculate the remainder when (-4152)/(-96) - (-1)/(-4) is divided by 5.
3
Calculate the remainder when 75 is divided by ((-16)/(-28) - 2112/(-77)) + 0.
19
Suppose -23 = l - 2*l. Suppose -4*x = 9 + l. What is the remainder when 22 + x*1/2 is divided by 5?
3
Let y be 47/3 - 2/3. Suppose -y*j = -10*j - 165. Calculate the remainder when j is divided by 18.
15
Let x(s) = 2*s. Let h(v) = -v**3 - 13*v**2 - 42*v - 49. Calculate the remainder when h(-9) is divided by x(1).
1
Let c(g) = 3*g**2 - 5*g + 40. What is the remainder when c(8) is divided by 15?
12
Suppose -3*o + 2*n + 2 = 6, 3*o - n + 5 = 0. What is the remainder when (35 + 18)/(2*o/(-4)) is divided by 14?
11
Let q(k) = 20*k + 35. Let l(f) = -f. Let o(h) = -l(h) - q(h). Calculate the remainder when o(-3) is divided by 14.
8
Suppose 0 = -2*r + 35 - 11. Calculate the remainder when (-11)/22 - (-315)/10 is divided by r.
7
Suppose 0 = u + u - 2*g - 56, 0 = 5*u - 3*g - 148. Suppose 2*i + u = 94. Calculate the remainder when i is divided by 18.
13
Suppose 2*t - 2*z + 40 = 0, z = -3*t - 4*z - 28. Calculate the remainder when 86 is divided by (29/(-1))/((t/2)/8).
28
Suppose 28*h + 4*c = 33*h - 165, 3*h - 4*c - 107 = 0. Calculate the remainder when h is divided by 6.
5
Suppose 0 = -17*u + 480 + 81. Calculate the remainder when 131 is divided by u.
32
Let g = 493 - 484. What is the remainder when 22 is divided by g?
4
Let g(a) = -6*a**2 + 4. Let v be g(2). Let x = -18 - v. Suppose -k = -x*k + 34. Calculate the remainder when k is divided by 12.
10
Let b(q) = 30*q**3 - q**2 - 12*q + 17. Calculate the remainder when b(2) is divided by 77.
75
Suppose 0 = -79*f - 304 + 857. Let c(k) = k**3 + 4*k**2 - 2*k + 2. Calculate the remainder when c(-4) is divided by f.
3
Suppose -111 = 19*d - 928. What is the remainder when 255 is divided by d?
40
Let a(v) = v**2 + v + 104. Suppose 0 = 156*l - 33*l - 2231 - 1213. What is the remainder when a(0) is divided by l?
20
Suppose k = -k, -3*o = 4*k - 15. Suppose 5*v - o = 30. Let z(w) = 5*w**3. Calculate the remainder when v is divided by z(1).
2
Let r(g) = -2*g**3 + 72*g**2 - 67*g - 58. Calculate the remainder when r(35) is divided by 40.
7
Let h(f) = -26*f + 5. Let u(a) = -259*a + 49. Let b(s) = 49*h(s) - 5*u(s). Calculate the remainder when 82 is divided by b(1).
19
Suppose 3*d = 12, -2*d = 5*q - 0*q - 68. Suppose 3*w - 3*a = 84, 297*a + 86 = 5*w + 301*a. What is the remainder when w is divided by q?
10
Let h(u) = -u**3 - 5*u**2 + 6*u + 4. What is the remainder when 5 is divided by h(-6)?
1
Suppose -4*d = 11 - 31. Suppose 4*g = 4*m + 80, -g - 2*m = -0*g - d. Let j(o) = -43*o**3 - 2*o**2 - o. What is the remainder when j(-1) is divided by g?
12
Let a(h) = h + 8 + 6 - 16 + 12. What is the remainder when 26 is divided by a(-5)?
1
Let r = -96 - -98. Suppose 0*l + 5*l + 4*z = 815, 0 = -r*l - 5*z + 326. Calculate the remainder when l is divided by 41.
40
Let x(u) = -u - 3. Let f be x(6). Calculate the remainder when (52 - -6)*f/(-6) is divided by 30.
27
Suppose 52 = -2*f + 12. Let h = -2 - f. Calculate the remainder when h is divided by 11.
7
Let n(a) = 7*a - 9. Let v(u) = -13*u + 19. Let l(j) = 11*n(j) + 6*v(j). Let p be l(12). Suppose 60 = p*w - 141. Calculate the remainder when w is divided by 14.
11
Let s be ((-26)/(-4))/(1/2). Suppose 51 = 2*b - 15. Suppose x - b = 2*l, x + 2*l - s = -l. Calculate the remainder when 98 is divided by x.
23
What is the remainder when 48 is divided by (5 + 1)*3/2?
3
Suppose -5*v = 25, -j + 4*v + 0*v = -80. What is the remainder when -1 + j/52 - 1740/(-13) is divided by 34?
32
Suppose -3*u = 3*t - 21, -2*t = -2*u - 3*u - 7. Let r be ((-4)/6)/(t/(-270)). Let s = r + -15. What is the remainder when 43 is divided by s?
13
Let u = 3 + 11. Let w = -59 + 25. Let k = -8 - w. Calculate the remainder when k is divided by u.
12
Calculate the remainder when 67 is divided by 18/(-81) + (-238)/(-18) + -1.
7
Suppose -f + 2*m = 4*m - 185, -350 = -2*f + m. Let d = -64 + f. What is the remainder when d is divided by 38?
37
Suppose 0 = 4*h + 3*q + 2, h = -3*h - 5*q - 6. Let v be -1*(h + 3 + 65). Let u = v + 108. Calculate the remainder when u is divided by 10.
9
Let j = -795 + 821. Calculate the remainder when 77 is divided by j.
25
Let k(r) = -8*r - 5. Let a be k(-2). What is the remainder when ((-25)/(-3))/(1/3) is divided by (18/10)/(a/55)?
7
Let m(p) = p + 2. Let q be m(0). Suppose -q*t + 1 + 6 = -3*o, 0 = 4*o - 12. Suppose 4*b - 109 - 7 = 0. Calculate the remainder when b is divided by t.
5
Let a(g) = 5*g**2 + 88*g + 26. Calculate the remainder when 116 is divided by a(-18).
54
Let d(i) = -i**3 - 8*i**2 + 32*i + 5. Let p be d(-11). Calculate the remainder when (585/12)/(6/p) is divided by 19.
16
Suppose -22*g - 34*g = g - 1311. Let z = 3 - -5. What is the remainder when g is divided by z?
7
Suppose -j - 342 = 4*i - 5*i, -j - 682 = -2*i. What is the remainder when i is divided by 6?
4
Let f = 32 + -11. Calculate the remainder when f is divided by (-69)/(-5) + 756/(-270).
10
Let k(m) = -17*m + 235. Calculate the remainder when 108 is divided by k(13).
10
Let u(a) = -a + 36. Let p be u(-19). Let h = p + -49. Calculate the remainder when 16 is divided by h.
4
Let n be ((-6)/(-2))/(-3)*-1*12. Suppose 5*h = 2*q + 12, 2*h + 3*q + 1 = -2*q. Suppose -h*c + n = -46. What is the remainder when c is divided by 8?
5
Let i = -14 - -18. Calculate the remainder when 3 + (-12)/i + 23 is divided by 13.
10
Let q = -65 - -75. Suppose 5*w + 13 = -2*j, -4*j - j - 4*w + q = 0. What is the remainder when j is divided by 5?
1
Let l(v) = -17*v + 8. Let d be l(13). Let n = -150 - d. Suppose -3*j - 9 = -5*z + n, -11 = -z + 4*j. What is the remainder when z is divided by 9?
6
Suppose 2*x - 3*x = -17. Let k(n) = n - 13. Let p = 12 - 3. Calculate the remainder when p is divided by k(x).
1
Let t(a) = 2*a**2 - a + 22. Let o be t(0). Let y = o - 6. Calculate the remainder when 61 is divided by y.
13
Let p(q) = 3*q**2 - 48*q + 16. Let a be (2/6)/(1/21). Suppose -a*g + 315 = -2*g. What is the remainder when g is divided by p(16)?
15
Let u(s) = -s**3 - 4*s**2 - 5*s - 3. Let x be u(-3). Let f(n) = -14*n**3 - 3*n**2 - 3*n - 1. What is the remainder when -3 + x + (-96)/(-4) is divided by f(-1)?
11
Let w(z) = -2*z - 3. Let r be w(0). Let s(l) = -2*l - 3. Suppose -4*a + 4 = -2*p, -3*a + 10 = -a + p. Calculate the remainder when s(r) is divided by a.
0
Suppose m + 4*v - 104 = 0, -5*m = 17*v - 21*v - 496. Calculate the remainder when m is divided by 57.
43
Calculate the remainder when 226/2 - (25 - 30) is divided by 15.
13
Suppose 442 = 37*c + 72. Calculate the remainder when c is divided by 1.
0
Suppose -16*d = 392 - 3992. What is the remainder when d is divided by 18?
9
Let i = 274 - 179. Suppose j + 3*w = 14, -4*j + 359 = -2*w + 247. What is the remainder when i is divided by j?
17
Let v = 36 - 29. What is the remainder when 46 is divided by v?
4
Let n(j) = 44*j**2 + 6*j + 36. Calculate the remainder when n(-3) is divided by 13.
11
Suppose -2*d - 9 = -3*i + d, -3*i = 4*d - 2. Calculate the remainder when i/(3*(-10)/(-465)) is divided by 16.
15
Let d(b) = 2*b**2 - 8*b - 11. Let i(u) = 2*u**2 - 9*u - 10. Let g(f) = 4*d(f) - 3*i(f). Calculate the remainder when 99 is divided by g(6).
15
Let m = 49 + -89. Let o = -28 - m. Calculate the remainder when 20 is divided by o.
8
Let d be (-4)/3 - (-32)/(-48). Let s = -22 - d. Let o = 37 + s. What is the remainder when 50 is divided by o?
16
Let p = -345 - -379. Calculate the remainder when 60 is divided by p.
26
Let g(h) = -h**3 - h**2 - 2*h - 1. Let d be (-343)/4 - (-4)/(-16). Let n = 87 + d. Calculate the remainder when g(-1) is divided by n.
0
Let o = -104 - -110. Suppose -o*f + 3*f + 5*u + 35 = 0, -2*f + u + 14 = 0. Calculate the remainder when 42 is divided by f.
2
What is the remainder when 25 is divided by (-18)/(-2) - (-3 + 2)?
5
Suppose -115 = -2*a - 3*a. Suppose y + 2*m = 91, -4*y + 177 = 3*m - 187. What is the remainder when y is divided by a?
22
Suppose 5*i = n - 26, 5*i + 50 = n + 4*n. Let q(d) = 75*d. What is the remainder when q(2) is div